3882)/(-9)*-3*l/12 a prime number?
True
Suppose 2*r - 10 = -3*z + 5*z, 12 = -4*z - 4*r. Let h be (-3950)/(-6) - z/6. Suppose -327 = -b - b + g, 3*g + h = 4*b. Is b a prime number?
False
Suppose 0 = -2*w, 2*w = -v + 1 + 1. Suppose v*c + 1 = c - 2*u, 4 = -4*u. Is 1*2*c/((-2)/(-113)) a composite number?
False
Suppose -216 = 2*q + x - 651, 3*q - 655 = -4*x. Let j = 345 + 423. Let z = j - q. Is z a composite number?
True
Suppose 5*g - 10 = -0. Suppose g*k - 1740 = 1190. Is k composite?
True
Let k = 41006 + 31949. Suppose 166*u - 161*u = k. Is u a composite number?
False
Suppose -496449*g + 496462*g - 348413 = 0. Is g composite?
False
Suppose 5*n + 4628 = 7*n. Let f be 850/(-136)*1*-4. Suppose -f*v = -12*v - n. Is v a composite number?
True
Suppose -45*w + 2*n = -40*w - 230437, 4 = -4*n. Is w composite?
True
Let o(y) = -y**2 - 4*y + 5. Suppose 9 = d + 14. Let a be o(d). Suppose a = 5*v - g - 2339, 0*g - 2*g - 1409 = -3*v. Is v prime?
True
Is ((-893405)/10)/(2*6/(-24)) a composite number?
False
Let s = -43682 - -204531. Is s a composite number?
True
Let w(c) = -59*c - 109. Let x(t) = 58*t + 105. Let y(n) = 4*w(n) + 5*x(n). Is y(10) a prime number?
False
Let a be 1*((-1)/(-5) + (-31752)/35). Let w = -1412 - a. Let n = 918 + w. Is n prime?
False
Suppose -4*l - o + 8909 = 0, -3*l - o + 3457 = -3224. Suppose 2*g + 0*j = -4*j + l, -5570 = -5*g + 5*j. Is g a prime number?
False
Let d(c) = 9*c**3 - 14*c**2 + 24*c - 141. Is d(22) a prime number?
True
Let x(g) = -3*g + 2*g**2 + 14 - 1 + 2*g. Let a(s) = -6*s + 26. Let q be a(7). Is x(q) prime?
True
Let x(g) = -3*g + 8. Let m be x(3). Let b = m + 4. Is 12855/b + (11 - 7) prime?
True
Let r be (-2 - 110118/(-24))/(18/48). Is (3/(-1))/(2 - 24466/r) a composite number?
True
Let i = -50696 - -95415. Is i composite?
True
Let a(y) = 2437*y**2 - 3*y - 2. Let o be a(-1). Suppose -2*c = -0*c - o. Let g = 2564 - c. Is g composite?
True
Let y = 107 - 122. Is 1147378/690 + (-2)/y composite?
False
Let r be 15280/(-28)*28/(-8). Suppose 6*v - 4984 = r. Is v prime?
False
Suppose 2*p = -3*h + 9, -5*p - 5*h + 15 = -10. Suppose -c + p*c = 3*z + 410, 163 = 2*c - z. Is c a prime number?
True
Let o(p) = -1836*p + 3. Let g(k) = 918*k - 1. Let x(d) = 5*g(d) + 2*o(d). Suppose -3*f - 2 = z, 5*z = 73*f - 72*f - 26. Is x(f) composite?
False
Suppose -3*u + p = -u - 7601, -9 = -3*p. Let m = u - 639. Let l = m + -1262. Is l composite?
False
Let q = -212922 + 319859. Is q a prime number?
True
Suppose 198*a - 199*a + 1119149 = 5*t, 3*a - 3357511 = t. Is a prime?
True
Let a(d) = 39*d + 11. Let y(g) = -118*g - 33. Let p(z) = 17*a(z) + 6*y(z). Let q(x) = -x**3 - 16*x**2 - 29*x - 16. Let i be q(-14). Is p(i) a prime number?
True
Let q(z) = -7*z + 7. Let p(j) = -15*j + 13. Let g(a) = -4*p(a) + 9*q(a). Let d be g(3). Is (8/(-18))/d - (-66425)/225 composite?
True
Let r = -23771 - -132889. Is r prime?
False
Suppose 4*q = 2*o + 28, -q - 2*o - 11 = 2*o. Suppose 14*s - 29556 = q*s. Suppose 0 = -9*k + 5*k + s. Is k a prime number?
True
Is ((-5050)/(-40) - -1)/((-1)/1468)*-1 a prime number?
False
Suppose -4*m = m - q - 204741, -2*m + 81878 = -5*q. Suppose -3*z - 4*b + 3*b = -m, z = 5*b + 13639. Is z a prime number?
True
Suppose 1467230 = 4*q + 236*s - 238*s, 733630 = 2*q - 4*s. Is q a composite number?
True
Suppose 2*h + 3*o = 22, -h - 25 = -5*o - 10. Suppose 3*k - 2*n = 3235, k = -18*n + 14*n + 1069. Suppose 0 = -h*b + 2*b + 12, 2*b - k = -w. Is w prime?
True
Let v(t) = t**2 + 7*t + 17. Let j be 22/(-6) + 1/(-3). Let f be v(j). Let a(d) = 14*d**2 + 2*d + 21. Is a(f) prime?
False
Let v(b) = -13*b**2 - 86*b - 48. Let o be v(-35). Let m = -352 - o. Is m a prime number?
True
Is (1147/(-155))/37 - 413786/(-5) a prime number?
True
Suppose -g = 5*m - 87, -43*g - 57 = -3*m - 42*g. Let o be (-2*1)/(1/(-4)). Let z = m - o. Is z prime?
False
Suppose 2*x - 132126 = 91*i - 89*i, -3*x - 3*i + 198213 = 0. Is x prime?
True
Let h(w) = 3259*w + 17. Is h(6) a composite number?
False
Let v = 770 - 195. Let n = v + 822. Is n prime?
False
Suppose -5712 = -9*h + 5*h. Suppose 4*u = -3*f + 7*u - 3030, -5*u + 5 = 0. Let b = f + h. Is b a composite number?
False
Is -5 + 229729524/204 + 15 - (-2)/(-17) prime?
False
Let f(c) = -635*c + 7. Let w be f(-6). Let u be 42/11 + 78/429. Suppose 1125 = -u*v + w. Is v a prime number?
True
Let n(k) = k**3 + 10*k**2 + 2. Let b be (105/14)/((-6)/8). Let x be n(b). Suppose 1883 = x*r - 419. Is r a prime number?
True
Let a = 5847 + -10309. Let r = a - -7271. Is r a prime number?
False
Suppose 0 = 3*z - 3*p - 12, 1 = -6*z + 5*z - 4*p. Let i be 168/(-7) + 13 - -11. Suppose i = -4*y + z*a + 748, 3*y - 2*a = -7*a + 561. Is y prime?
False
Suppose -7*u + 4*u + 141 = 0. Let o = u - 27. Let t = o + 63. Is t a composite number?
False
Let a(v) = 1222*v - 41. Let l be -14*3*3/(-6). Is a(l) prime?
True
Let m = 111 + -104. Suppose m*u - 980 = 1883. Is u a prime number?
True
Let z(r) be the first derivative of -r**4/4 + 19*r**3/3 - 6*r**2 - 25*r + 118. Is z(-20) a composite number?
True
Let t = 4453 - 2824. Let c be 1/6 + (-19587)/18. Let a = c + t. Is a a prime number?
True
Let l(t) = 277*t**2 - 25*t - 520. Is l(-14) a prime number?
False
Let g(w) = 1757*w**2 - 93*w + 1043. Is g(28) a composite number?
True
Suppose 2 = 2*z + 2*m, 4*z - 25 = -2*m - 13. Suppose 135 = z*a - 30. Is a prime?
False
Let s = -383 - -393. Let v = 199 + s. Is v composite?
True
Let f(s) = 28*s**3 + 21*s**2 - 2*s - 38. Let d(j) = -28*j**3 - 21*j**2 + 4*j + 38. Let x(u) = 5*d(u) + 6*f(u). Is x(9) a prime number?
True
Let b(m) = 9*m + 12. Let a(n) = 15*n + 23. Let r(p) = -4*a(p) + 9*b(p). Is r(2) a composite number?
True
Suppose -z - 4 = 0, -4*z - 19 = -r + 4. Let n be -1*3/18 - ((-1257573)/18 - -19). Is (3/9)/(r/n) a prime number?
False
Let n(b) = -184*b**3 + 38*b**2 - 13*b - 28. Is n(-9) composite?
False
Let g(u) = -4062*u - 623. Is g(-8) a prime number?
True
Is (-604)/8154 + -1 + (-4842506)/(-27) composite?
False
Let q(w) = -13*w**2 + w. Let r(z) = z**2 - z - 1. Let a be r(0). Let v be q(a). Is v*(4 + (-78)/4) prime?
False
Let c(j) = 167*j**3 + j**2 - j. Let i be c(1). Suppose 503 = -2*y - i. Is (-2)/(0 - (-10)/y) composite?
False
Suppose -4*o + 4*b + 883080 = 0, 137*b - 441538 = -2*o + 141*b. Is o a composite number?
False
Let r(x) = 87*x - 23. Suppose 0 = -12*a + 20*a - 256. Is r(a) prime?
False
Suppose i - 8*i + 84 = 0. Suppose -6*o = -12*o + i. Is 5 + 0/o - -792 composite?
False
Suppose 32*n - 786884 = -131748. Is n prime?
False
Suppose 0 = -7*x + 3879 + 2435. Suppose 4*u + 3022 = 2*k + x, -1599 = 3*u + 3*k. Let n = u - -1868. Is n composite?
True
Suppose -22722 = 2803*i - 2809*i. Is i composite?
True
Suppose 8*u + 10*u - 234 = 0. Suppose -u*p + 11*p + 3900 = -2*a, -1951 = -p + 2*a. Is p a prime number?
True
Suppose 5*c = -48*f + 53*f - 581955, 3*c = -2*f + 232792. Is f a composite number?
True
Let t = 9886 - 17107. Let l = t - -13400. Is l a composite number?
True
Suppose 0 = 25*q - 7866941 + 709241. Suppose -30613 + q = 11*x. Is x a prime number?
False
Let b(n) = -3*n**3 - 36*n**2 + 56*n + 75. Let y be b(-21). Let h(m) = -8*m + 4. Let j be h(-3). Suppose -j*k + 22*k + y = 0. Is k a prime number?
True
Suppose 3413489 = 33*k + 21980. Is k a composite number?
True
Let p(q) = 21*q**2 + 758*q - 22. Is p(-93) a composite number?
True
Suppose 0 = -3*d - 15, g + 2*d + 406 = 5*g. Let b = g + -94. Suppose -5*o = b*n - 4270 + 675, 0 = -5*n. Is o a prime number?
True
Let x(f) = f**3 - 3*f**2 - 3*f + 6. Let i be x(12). Suppose 3*a - i = -153. Suppose -2*o + a = -2*d + d, -2*o = -5*d - 375. Is o prime?
False
Suppose 0 = c + 13030 + 35505. Let d = -28802 - c. Is d composite?
True
Suppose -29376 = -8*y + 14696. Let g = y + 1714. Is g prime?
False
Let g(w) = -3*w**3 - 108*w**2 - 37*w - 37. Is g(-47) prime?
False
Let k be (3/7 - (-70)/(-49)) + 5. Suppose -5*c = -3*s + 25007, -30*s - k*c - 41661 = -35*s. Is s composite?
False
Let m(h) = 227*h**3 + 2*h + 3. Let l be m(-1). Let c = l - -291. Is c a prime number?
False
Let n(x) = 3*x + 51. Let g be n(-12). Is (g + -13)*(-3833)/(-2) composite?
False
Suppose -3*h + 27260 = 4805. Suppose 5*z = h + 5080. Is z a composite number?
True
Is (-7)/(-2)*(-48)/(-28) + 1492 + 3 a prime number?
False
Let l(g) = -2*g**2 + 2*g + 18870. Let a be l(0). Let t = a + -20